46 is divided by 4875?
1246
Calculate the remainder when 43463249 is divided by 14487726.
71
Calculate the remainder when 91807 is divided by 302.
301
What is the remainder when 39185 is divided by 448?
209
What is the remainder when 49847593 is divided by 1829?
27
Calculate the remainder when 200183 is divided by 3824.
1335
What is the remainder when 1559183 is divided by 3358?
1071
What is the remainder when 16623688 is divided by 286?
224
Calculate the remainder when 607539 is divided by 33750.
39
What is the remainder when 49286221 is divided by 2246?
2243
Calculate the remainder when 202023 is divided by 2435.
2353
What is the remainder when 5553215 is divided by 1866?
1865
What is the remainder when 2236451 is divided by 67?
58
What is the remainder when 1805153 is divided by 269?
163
What is the remainder when 12330 is divided by 4070?
120
Calculate the remainder when 3046071 is divided by 3046066.
5
Calculate the remainder when 571035 is divided by 1779.
1755
What is the remainder when 55537 is divided by 13859?
101
What is the remainder when 1258329 is divided by 28?
9
Calculate the remainder when 2710548 is divided by 180627.
1143
What is the remainder when 151710084 is divided by 16394?
8
What is the remainder when 9546196 is divided by 4773096?
4
What is the remainder when 2635002 is divided by 71216?
10
What is the remainder when 411978 is divided by 6849?
1038
What is the remainder when 29515947 is divided by 1844746?
11
What is the remainder when 7062745 is divided by 167?
148
Calculate the remainder when 1307783903 is divided by 1168.
1167
Calculate the remainder when 7398882 is divided by 321689.
35
Calculate the remainder when 747029843 is divided by 153.
152
What is the remainder when 26493369 is divided by 8831123?
0
Calculate the remainder when 1583122 is divided by 121761.
229
Calculate the remainder when 132771 is divided by 1038.
945
Calculate the remainder when 1687880 is divided by 562585.
125
Calculate the remainder when 126580199 is divided by 63290093.
13
Calculate the remainder when 331640 is divided by 6.
2
What is the remainder when 15406 is divided by 6?
4
What is the remainder when 911717 is divided by 85?
7
What is the remainder when 218951 is divided by 1244?
7
What is the remainder when 3804824 is divided by 8344?
8304
What is the remainder when 4045681 is divided by 17?
4
What is the remainder when 319143 is divided by 145?
143
Calculate the remainder when 12234869 is divided by 442.
309
What is the remainder when 18996 is divided by 1860?
396
Calculate the remainder when 3056630 is divided by 1018865.
35
Calculate the remainder when 8963770 is divided by 477.
463
Calculate the remainder when 4092937 is divided by 2046311.
315
What is the remainder when 240056799 is divided by 2020?
2019
What is the remainder when 3995330 is divided by 665888?
2
Calculate the remainder when 21253 is divided by 678.
235
What is the remainder when 266558 is divided by 13317?
218
Calculate the remainder when 168586 is divided by 84063.
460
Calculate the remainder when 79298 is divided by 443.
1
What is the remainder when 635327 is divided by 1636?
559
Calculate the remainder when 1204448 is divided by 795.
23
Calculate the remainder when 2280512 is divided by 379995.
542
What is the remainder when 558360511 is divided by 184?
183
Calculate the remainder when 16279815 is divided by 417426.
201
What is the remainder when 984614 is divided by 58?
6
Calculate the remainder when 560754 is divided by 1758.
1710
What is the remainder when 140199728 is divided by 833?
830
Calculate the remainder when 2396229 is divided by 2151.
15
Calculate the remainder when 49704189 is divided by 5812.
5777
What is the remainder when 1814871 is divided by 5014?
4817
What is the remainder when 9765222 is divided by 3255067?
21
Calculate the remainder when 2125167 is divided by 2426.
2417
What is the remainder when 79767 is divided by 5095?
3342
Calculate the remainder when 54763037 is divided by 53.
45
Calculate the remainder when 56975617 is divided by 872.
9
What is the remainder when 483228 is divided by 120806?
4
Calculate the remainder when 1392198 is divided by 302.
280
Calculate the remainder when 48263 is divided by 54.
41
What is the remainder when 8155 is divided by 1711?
1311
What is the remainder when 173762 is divided by 891?
17
Calculate the remainder when 4634331 is divided by 215.
6
What is the remainder when 42837589 is divided by 8?
5
Calculate the remainder when 473796 is divided by 1595.
81
Calculate the remainder when 56939778 is divided by 2585.
2568
Calculate the remainder when 614169 is divided by 2095.
334
What is the remainder when 23534930 is divided by 157?
2
What is the remainder when 1997549 is divided by 15?
14
What is the remainder when 5113060 is divided by 1022608?
20
Calculate the remainder when 40306413 is divided by 284.
281
Calculate the remainder when 102500 is divided by 1530.
1520
What is the remainder when 402369875 is divided by 722?
719
Calculate the remainder when 132643 is divided by 3314.
83
Calculate the remainder when 804858 is divided by 51.
27
What is the remainder when 2105770 is divided by 1297?
739
Calculate the remainder when 792797 is divided by 6292.
5
What is the remainder when 119332 is divided by 23825?
207
What is the remainder when 2442687 is divided by 114?
9
Calculate the remainder when 192344 is divided by 96147.
50
Calculate the remainder when 541923 is divided by 541756.
167
What is the remainder when 814820 is divided by 40?
20
What is the remainder when 840199 is divided by 214?
35
What is the remainder when 88197975 is divided by 672?
663
What is the remainder when 121833426 is divided by 67?
23
What is the remainder when 10480649 is divided by 537?
20
What is the remainder when 43278319 is divided by 965?
964
Calculate the remainder when 19125718 is divided by 43666.
10
Calculate the remainder when 219720 is divided by 2891.
4
Calculate the remainder when 1461871 is divided by 132885.
136
Calculate the remainder when 486078 is divided by 30379.
14
Calculate the remainder when 15575182 is divided by 8677.
8644
Calculate the remainder when 101963 is divided by 1403.
947
Calculate the remainder when 4760483 is divided by 327.
17
Calculate the remainder when 97419676 is divided by 24354919.
0
Calculate the remainder when 1051078 is divided by 1828.
1806
What is the remainder when 3366991 is divided by 1361?
1238
Calculate the remainder when 203312512 is divided by 594481.
10
What is the remainder when 1475235 is divided by 2487?
444
Calculate the remainder when 196846 is divided by 1578.
1174
What is the remainder when 7424071 is divided by 121706?
5
What is the remainder when 68004 is divided by 1173?
1143
Calculate the remainder when 29809182 is divided by 14.
4
What is the remainder when 22481 is divided by 21431?
1050
Calculate the remainder when 45129 is divided by 428.
189
What is the remainder when 290880 is divided by 290871?
9
What is the remainder when 100173 is divided by 4167?
165
What is the remainder when 700439 is divided by 116729?
65
Calculate the remainder when 4431525 is divided by 129.
117
What is the remainder when 26332 is divided by 599?
575
What is the remainder when 1632004 is divided by 17739?
16
What is the remainder when 41223 is divided by 2746?
33
What is the remainder when 1263385 is divided by 153?
64
Calculate the remainder when 734323 is divided by 3599.
127
What is the remainder when 263388 is divided by 43777?
726
What is the remainder when 2696 is divided by 1384?
1312
What is the remainder when 23151434 is divided by 838?
8
What is the remainder when 204320 is divided by 1445?
575
What is the remainder when 128034254 is divided by 784?
782
Calculate the remainder when 87840 is divided by 644.
256
What is the remainder when 8097 is divided by 49?
12
Calculate the remainder when 37373219 is divided by 311.
38
Calculate the remainder when 9337062 is divided by 2429.
2415
What is the remainder when 174697066 is divided by 42?
40
Calculate the remainder when 2099003 is divided by 487.
33
Calculate the remainder when 126570 is divided by 400.
170
Calculate the remainder when 97342465 is divided by 440.
385
What is the remainder when 119991065 is d